{"id":8,"date":"2021-07-14T23:08:11","date_gmt":"2021-07-14T23:08:11","guid":{"rendered":"https:\/\/www.arqatualiza.com.br\/site\/?page_id=8"},"modified":"2022-05-03T13:38:00","modified_gmt":"2022-05-03T16:38:00","slug":"home","status":"publish","type":"page","link":"https:\/\/www.arqatualiza.com.br\/site\/","title":{"rendered":"Home"},"content":{"rendered":"<p>[slider_pro id=&#8221;1&#8243;]<\/p>\n<div style=\"display: none;\">\n<p>projetos passo fundo arquitetura passo fundo, arq em passo fundo, planejamento, Passo Fundo RS, planejamento e projetos urbanismo passo fundo<\/p>\n<h1>planejamento em Passo Fundo,\u00a0arq passo fundo, arquitetura passo fundo,<\/h1>\n<h2>planejamento em passo fundo, projetos passo fundo e regi\u00e3o, arquitetura passo fundo em passo fundo, planejamento venda arq projetos urbanismo passo fundo, projetos em passo fundo rs, planejamento, para passo fundo e regi\u00e3o, planejamento para passo fundo e regi\u00e3o\u00a0projetos urbanismo projetos urbanismo passo fundo de planejamento em passo fundo, projetos passo fundo e regi\u00e3o, arquitetura passo fundo em passo fundo, planejamento venda arq projetos urbanismo passo fundo, projetos em passo fundo rs, planejamento,<a title=\"projetos urbanismo projetos urbanismo passo fundo de planejamento em passo fundo, projetos passo fundo e regi\u00e3o, arquitetura passo fundo em passo fundo, planejamento venda arq projetos urbanismo passo fundo, projetos em passo fundo rs, planejamento, para passo fundo e regi\u00e3o, planejamento para passo fundo e regi\u00e3o\" href=\"https:\/\/www.arqatualiza.com.br\">para passo fundo e regi\u00e3o, planejamento para passo fundo e regi\u00e3o\u00a0projetos urbanismo projetos urbanismo passo fundo de planejamento em passo fundo, projetos passo fundo e regi\u00e3o, arquitetura passo fundo em passo fundo, planejamento venda arq projetos urbanismo passo fundo, projetos em passo fundo rs, planejamento<\/a>, para passo fundo e regi\u00e3o, planejamento para passo fundo e regi\u00e3o\u00a0projetos urbanismo projetos urbanismo passo fundo de planejamento em passo fundo, projetos passo fundo e regi\u00e3o, arquitetura passo fundo em passo fundo, planejamento venda arq projetos urbanismo passo fundo, projetos em passo fundo rs, planejamento, para passo fundo e regi\u00e3o, planejamento para passo fundo e regi\u00e3o\u00a0projetos urbanismo projetos urbanismo passo fundo de planejamento em passo fundo, projetos passo fundo e regi\u00e3o, arquitetura passo fundo em passo fundo, planejamento venda arq projetos urbanismo passo fundo, projetos em passo fundo rs, planejamento, para passo fundo e regi\u00e3o,<a title=\"projetos urbanismo projetos urbanismo passo fundo de planejamento em passo fundo, projetos passo fundo e regi\u00e3o, arquitetura passo fundo em passo fundo, planejamento venda arq projetos urbanismo passo fundo, projetos em passo fundo rs, planejamento, para passo fundo e regi\u00e3o, planejamento para passo fundo e regi\u00e3o\" href=\"https:\/\/www.arqatualiza.com.br\/site\">planejamento para passo fundo e regi\u00e3o\u00a0projetos urbanismo projetos urbanismo passo fundo de planejamento em passo fundo, projetos passo fundo e regi\u00e3o, cria\u00e7\u00e3o de sit<\/a>es em passo fundo, planejamento venda arq projetos urbanismo passo fundo, projetos em passo fundo rs, planejamento, para passo fundo e regi\u00e3o, planejamento para passo fundo e regi\u00e3o<\/h2>\n<div id=\"attachment_747\" style=\"width: 353px\" class=\"wp-caption aligncenter\"><a href=\"https:\/\/www.arqatualiza.com.br\/site\/wp-content\/uploads\/2013\/06\/per\u00edcia-m\u00e9dica-passo-fundo-rs.jpg\"><img decoding=\"async\" aria-describedby=\"caption-attachment-747\" class=\"size-full wp-image-747 \" title=\"projetos urbanismo projetos urbanismo passo fundo de planejamento em Passo Fundo\" src=\"https:\/\/www.arqatualiza.com.br\/site\/wp-content\/uploads\/2013\/06\/per\u00edcia-m\u00e9dica-passo-fundo-rs.jpg\" alt=\"projetos urbanismo projetos urbanismo passo fundo de planejamento em Passo Fundo\" width=\"343\" height=\"300\"  loading=\"lazy\" \/><\/a><p id=\"caption-attachment-747\" class=\"wp-caption-text\">projetos urbanismo projetos urbanismo passo fundo de planejamento em Passo Fundo<\/p><\/div>\n<\/div>\n","protected":false},"excerpt":{"rendered":"<p>[slider_pro id=&#8221;1&#8243;] projetos passo fundo arquitetura passo fundo, arq em passo fundo, planejamento, Passo Fundo [&hellip;]<\/p>\n","protected":false},"author":1,"featured_media":0,"parent":0,"menu_order":8,"comment_status":"closed","ping_status":"closed","template":"template-inicio.php","meta":{"footnotes":""},"class_list":["post-8","page","type-page","status-publish","hentry"],"_links":{"self":[{"href":"https:\/\/www.arqatualiza.com.br\/site\/wp-json\/wp\/v2\/pages\/8"}],"collection":[{"href":"https:\/\/www.arqatualiza.com.br\/site\/wp-json\/wp\/v2\/pages"}],"about":[{"href":"https:\/\/www.arqatualiza.com.br\/site\/wp-json\/wp\/v2\/types\/page"}],"author":[{"embeddable":true,"href":"https:\/\/www.arqatualiza.com.br\/site\/wp-json\/wp\/v2\/users\/1"}],"replies":[{"embeddable":true,"href":"https:\/\/www.arqatualiza.com.br\/site\/wp-json\/wp\/v2\/comments?post=8"}],"version-history":[{"count":3,"href":"https:\/\/www.arqatualiza.com.br\/site\/wp-json\/wp\/v2\/pages\/8\/revisions"}],"predecessor-version":[{"id":349,"href":"https:\/\/www.arqatualiza.com.br\/site\/wp-json\/wp\/v2\/pages\/8\/revisions\/349"}],"wp:attachment":[{"href":"https:\/\/www.arqatualiza.com.br\/site\/wp-json\/wp\/v2\/media?parent=8"}],"curies":[{"name":"wp","href":"https:\/\/api.w.org\/{rel}","templated":true}]}}